ose 0 = -y - 2*r - 6 + 55, -2*y + 78 = -r. What are the prime factors of y?
41
Suppose -5 - 3 = 4*w. Let q be (0 + (-2 - w))/(-1). Suppose q = k - 14 + 2. What are the prime factors of k?
2, 3
Let f be (-2)/(-8) + (-61)/4. Let t = -8 - f. List the prime factors of t.
7
Let q(m) = 2*m - 6. Let g be q(-5). Suppose b - 140 = -4*b. Let r = b + g. List the prime factors of r.
2, 3
Let c(x) = -x - 2. Let k = -6 - -2. Let z be c(k). Suppose -z*r = -3*r + 2. What are the prime factors of r?
2
Suppose 0 = -0*p + 4*p + u + 4, p - u = 4. Let r be (p/(3/3))/1. Suppose -3*f + 10 - 1 = r. List the prime factors of f.
3
Let l be (-9)/2 - 3/2. What are the prime factors of (-28)/l + (-5)/(-15)?
5
List the prime factors of (-23*(3 + -4))/1.
23
Let w(n) = -n**2 + 6*n + 3. Let d be w(9). Let h = -17 - d. List the prime factors of h.
7
Suppose 2*o - 4 = -2*r - 2*o, 3 = 3*o. Suppose r = t + 3*t - 12. List the prime factors of t.
3
Let l be 2/(-2 + 24/9). Suppose 0*o - 5*o = -d + 57, l*o = 4*d - 177. List the prime factors of d.
2, 3, 7
Let t = 47 + 16. List the prime factors of t.
3, 7
Let r(q) = -q**3 - 9*q**2 - 2*q - 12. Suppose l = -2*l + 5*d + 47, 0 = 5*l + 5*d - 25. Let z be (-2)/(1 + 1)*l. What are the prime factors of r(z)?
2, 3
Let u(z) = 12*z**3 - z**2 + z. List the prime factors of u(1).
2, 3
Let c(i) = -i**3 + 10*i**2 - 9*i + 9. Let k be c(9). Let s(o) = 3*o - 3. What are the prime factors of s(k)?
2, 3
What are the prime factors of (8/(-20))/(2/(-150))?
2, 3, 5
Let d(k) = 11*k**2 + 8*k - 2. List the prime factors of d(3).
11
Let u be (-6)/4*192/(-9). Suppose -4*i = -p - 4*p - u, 5*p = -3*i + 59. What are the prime factors of i?
13
Let m(n) = -n**3 - 4*n**2 + 7*n - 5. Let s(w) = -w**3 - 4*w**2 + 8*w - 6. Let h(c) = -5*m(c) + 4*s(c). List the prime factors of h(-3).
19
Let f = 40 - -54. List the prime factors of f.
2, 47
Suppose c + 3 - 8 = 0. Suppose -4*f + f + 12 = 0. Let a = c + f. List the prime factors of a.
3
Let g be 1*(-27 - (1 - 3)). Let w = g - -49. Suppose 2*l + 2*l = w. What are the prime factors of l?
2, 3
Suppose -12*m = -7*m - 20. List the prime factors of m.
2
Let y = 13 + -17. Let o(r) = -2 + 0 - 14*r + 4*r - r**2 - 2. What are the prime factors of o(y)?
2, 5
Let a(u) = u**3 - 10*u**2 - 10*u - 6. Let r be (-3)/6*(-12)/(-1). Let t = r + 17. List the prime factors of a(t).
5
Let w(n) = -2*n + 4. Let m be w(-4). Suppose 5*k - 4*k - m = 0. List the prime factors of k.
2, 3
Suppose 78 = -5*w - 2*j, 4*w - 4 + 44 = 4*j. Let c = -10 - w. List the prime factors of c.
2
Suppose 3*i = -g + 27, 7*i = 5*g + 2*i - 195. What are the prime factors of g?
2, 3
List the prime factors of ((-23)/(-2))/((-1)/(-4)).
2, 23
Let x = -22 - -36. List the prime factors of x.
2, 7
Let j be (-2)/3 - 28/(-6). Suppose -10 = -7*i + 2*i + 5*f, 0 = -i - j*f + 12. Suppose -i*h + 6 = -4*l + 2*l, -5*l - 2*h = -33. What are the prime factors of l?
5
Let d = -42 - -70. List the prime factors of d.
2, 7
Suppose 2*z = -m + 8, 0 = -m - 0 + 2. Let v be 3/9 + (-31)/z. List the prime factors of (-6)/(-15) + (-116)/v.
2, 3
Let y(b) = 2*b**2 - 3*b + 1. Let k be y(2). Suppose -4*v = -w - 121, -3*w = -k*v - 4*w + 89. What are the prime factors of v?
2, 3, 5
Suppose 4*u = a - 0*a + 22, -4*u = a - 18. Suppose u*c - 12 = -2. What are the prime factors of c?
2
Let b = 2 + 2. Suppose 4*o - b = 8. Suppose 3*g = h + 37, h - 29 = -o*g - 0*h. List the prime factors of g.
11
Let n = -34 + 71. What are the prime factors of n + -2*1/2?
2, 3
Suppose 4*w = 5*i - 12, w - 6*w - 15 = -4*i. Suppose -2*u + i*u = -50. What are the prime factors of u?
5
Suppose -o = 4*o - 15. Suppose -o*x + 22 = -f - 3*f, 2 = f. List the prime factors of x.
2, 5
Suppose -537 - 315 = -4*n. List the prime factors of n.
3, 71
Let p(k) = 3*k**2 + 27*k + 1 - 2 - 5*k**2 - 6. Let q(s) = -s**2 + 14*s - 3. Let v(u) = 4*p(u) - 7*q(u). What are the prime factors of v(7)?
2, 7
Let l(b) = 4*b**2 - 1. Let y be 4/(-6) + 10/6. What are the prime factors of l(y)?
3
Let t(j) be the first derivative of j**2 - 17*j - 2. Let l(m) = m - 8. Let p(s) = -13*l(s) + 6*t(s). List the prime factors of p(-5).
7
List the prime factors of (-780)/(-35) - (-2)/(-7).
2, 11
Suppose 0 = -3*a - 9 - 9. Let l be (-68)/a + 2/(-6). Let s = -5 + l. List the prime factors of s.
2, 3
Let i(p) = -p**3 + 3*p**2 + 5*p - 1. Let j be i(4). Suppose -j*g - 4*v + 17 = -3*v, 4*g - 5*v - 10 = 0. List the prime factors of g.
5
Suppose -9*s = -3*s - 216. Let t = 86 - s. List the prime factors of t.
2, 5
Let k = 1 - 0. Let n be (3/1 - k) + 4. Suppose 0 = 3*t - n. List the prime factors of t.
2
Let l(g) = -g**3 - 6*g**2 - 4*g + 8. Let m be l(-6). Let f(x) = -x**3 + 3*x**2 + 6*x - 3. Let t be f(5). Let n = t + m. What are the prime factors of n?
3
Suppose -3*q - 2*q = -3*j + 247, -4*j = 4*q - 308. List the prime factors of j.
79
Let s(c) = 2*c**2 + 25*c + 21. What are the prime factors of s(-14)?
3, 7
Suppose 3*z - 4 - 32 = 0. Suppose 2*i + 0*i = z. What are the prime factors of i?
2, 3
Suppose 0 = -x - 0*x + 119. Suppose -4*p + 39 = x. Let f = p + 29. List the prime factors of f.
3
Suppose 4*l - 4*s + 24 = -6*s, -30 = 4*l + 5*s. Let j(b) = -b**2 - 5*b - 4. Let m be j(l). List the prime factors of 4*(-2)/m*2.
2
Let g(m) = -2*m**2 + m + 2. Let w be g(2). Let k = w + 7. Suppose 0 = 3*q - 4*p - 43, 3*q + k*p + 2*p - 34 = 0. List the prime factors of q.
13
Let p = -8 + 13. Suppose 0 = -5*f + 3*w + 17, 2*f = f + p*w - 1. Suppose -5*d + 40 = 5*m, 0 = -f*m + 2*d + 14. What are the prime factors of m?
5
Let q be (1 + 7/(-3))*-3. Suppose 2*h = -q + 8. Suppose -h*i - 42 = -3*z, 5*z = 2*i - 6*i + 48. What are the prime factors of z?
2, 3
Suppose 6*q = q + 365. List the prime factors of q.
73
Let j(m) = -2*m**2 + 19*m - 12. What are the prime factors of j(7)?
23
Let c = 24 + 7. Let a = c + 14. What are the prime factors of a?
3, 5
Let i be (34/(-4))/(1/(-2)). Let r = 11 + i. Suppose -4*b + 4*h = -r, 0*h = 4*b - h - 40. What are the prime factors of b?
11
Let o(m) = 14*m**3 - 1. Let q be o(1). Suppose q = 3*p - 2, 0 = -5*a - 2*p + 195. What are the prime factors of a?
37
Suppose 4*d = -3*r + 106, 6*r = 3*r - 5*d + 110. Suppose r = a - 11. List the prime factors of a.
41
Let l(r) be the third derivative of r**6/120 - 7*r**5/60 + r**4/12 + r**3/6 + 3*r**2. What are the prime factors of l(7)?
3, 5
Suppose 3*h - 6*h - 18 = 0. Let n(r) = r**3 + 7*r**2 + 3*r - 1. List the prime factors of n(h).
17
Let z = 1 + 1. Let d(q) = 10*q**2. Let f(i) = -3*i**2. Let l(k) = 5*d(k) + 16*f(k). List the prime factors of l(z).
2
Let u be (-8)/(-6)*9/(-3). Let g = u + 10. List the prime factors of g.
2, 3
Let j(d) = d**3 + 6*d**2 + 3*d. Let s(h) = 8*h**2 - h. Let c be s(-1). Let p = -14 + c. List the prime factors of j(p).
2, 5
Let s = 647 - 455. List the prime factors of s.
2, 3
Suppose -5*g = 5*r - 390, 7*g + 2*r - 308 = 3*g. What are the prime factors of g?
2, 19
Let h = -25 - -39. Let r = -10 + h. Suppose j - 15 = 2*l - 3*l, j = r. List the prime factors of l.
11
Suppose 13 = 2*u - 1. Let o(k) = 3*k**2 - 16*k + 5. What are the prime factors of o(u)?
2, 5
Let a(d) = -2*d + 1. What are the prime factors of a(-3)?
7
Suppose 3*d - 2*d + 3 = 0. Let t(g) be the third derivative of g**5/60 - g**4/24 - g**2. List the prime factors of t(d).
2, 3
Suppose 0*i = -4*i. Let x = 2 + i. What are the prime factors of x?
2
Let r(z) = 2*z - 4. Let n be 6/3 + 0 + 4. Let m be r(n). Let t = m + -5. What are the prime factors of t?
3
What are the prime factors of ((-29)/(-65) - 14/(-91))*35?
3, 7
Let u(r) = 1 - 3*r**2 + 0 + r**3 + 3*r - r**2. Let o be u(3). List the prime factors of ((-1)/(-2))/(o/6).
3
Let g(v) = -2*v**2 - 2*v. Suppose 3 = -3*q, 7*b = 4*b + 5*q - 7. Let h be g(b). Let a = 34 + h. What are the prime factors of a?
2, 5
Suppose -2*u - 15 = -7*u. Suppose u*d - 18 = -0*d. What are the prime factors of d/(-3 - -1) + 21?
2, 3
Suppose -l - 1 = 4. Let b(f) = -2*f + 2. Let j be b(l). Let v = j - 6. List the prime factors of v.
2, 3
Let c(o) = 15*o. Let w be 2/(6/(-9)) + 4. Let l be c(w). Suppose -4*g - g = -l. What are the prime factors of g?
3
Let x = -17 - -37. Suppose 3*i = -i + 52. Let y = x - i. List the prime factors of y.
7
Let t(k) = -3*k**3 + 2*k**2 + k. Let y be 0 + 4*(-3)/(-6). Suppose -4 = 2*s - y. List the prime